he remainder when 455547 is divided by 4846.
23
What is the remainder when 6479 is divided by 22?
11
What is the remainder when 141178 is divided by 47058?
4
What is the remainder when 25478 is divided by 70?
68
Calculate the remainder when 27753 is divided by 50.
3
What is the remainder when 562754 is divided by 46895?
14
Calculate the remainder when 15297 is divided by 5.
2
What is the remainder when 797 is divided by 126?
41
Calculate the remainder when 3565 is divided by 879.
49
What is the remainder when 2612051 is divided by 159?
158
What is the remainder when 269671 is divided by 469?
465
What is the remainder when 24074 is divided by 9?
8
Calculate the remainder when 16825 is divided by 8404.
17
Calculate the remainder when 6195 is divided by 1238.
5
What is the remainder when 39592 is divided by 822?
136
What is the remainder when 1774 is divided by 635?
504
What is the remainder when 127109 is divided by 652?
621
What is the remainder when 13747 is divided by 5?
2
Calculate the remainder when 366567 is divided by 91637.
19
What is the remainder when 26485 is divided by 110?
85
What is the remainder when 5445 is divided by 438?
189
What is the remainder when 4098 is divided by 17?
1
What is the remainder when 2021 is divided by 65?
6
Calculate the remainder when 1635 is divided by 72.
51
What is the remainder when 29067 is divided by 9684?
15
What is the remainder when 47144 is divided by 46?
40
What is the remainder when 60261 is divided by 20?
1
What is the remainder when 61998 is divided by 785?
768
What is the remainder when 3323 is divided by 292?
111
What is the remainder when 1511 is divided by 736?
39
Calculate the remainder when 7643 is divided by 78.
77
Calculate the remainder when 909 is divided by 573.
336
Calculate the remainder when 71608 is divided by 14.
12
Calculate the remainder when 9699 is divided by 9677.
22
Calculate the remainder when 29031 is divided by 4144.
23
What is the remainder when 46430 is divided by 6622?
76
What is the remainder when 16729 is divided by 4181?
5
What is the remainder when 155964 is divided by 9?
3
What is the remainder when 549253 is divided by 109842?
43
What is the remainder when 48259 is divided by 363?
343
Calculate the remainder when 3461 is divided by 1144.
29
What is the remainder when 1933 is divided by 221?
165
What is the remainder when 455 is divided by 283?
172
What is the remainder when 3766 is divided by 717?
181
What is the remainder when 1136 is divided by 121?
47
What is the remainder when 24084 is divided by 38?
30
What is the remainder when 715 is divided by 145?
135
Calculate the remainder when 71254 is divided by 27.
1
Calculate the remainder when 24084 is divided by 225.
9
Calculate the remainder when 119775 is divided by 1248.
1215
Calculate the remainder when 5893 is divided by 63.
34
Calculate the remainder when 9602 is divided by 638.
32
Calculate the remainder when 5157 is divided by 226.
185
Calculate the remainder when 31289 is divided by 4468.
13
Calculate the remainder when 4108 is divided by 800.
108
Calculate the remainder when 257661 is divided by 128801.
59
What is the remainder when 64260 is divided by 32121?
18
What is the remainder when 528475 is divided by 75494?
17
What is the remainder when 12413 is divided by 178?
131
Calculate the remainder when 13889 is divided by 686.
169
Calculate the remainder when 6250 is divided by 3119.
12
Calculate the remainder when 756030 is divided by 16.
14
What is the remainder when 120781 is divided by 39?
37
What is the remainder when 930 is divided by 168?
90
Calculate the remainder when 9077 is divided by 118.
109
What is the remainder when 1462 is divided by 6?
4
What is the remainder when 32035 is divided by 3998?
51
Calculate the remainder when 4516 is divided by 346.
18
Calculate the remainder when 2210768 is divided by 373.
370
Calculate the remainder when 776065 is divided by 5.
0
What is the remainder when 248877 is divided by 102?
99
Calculate the remainder when 4867 is divided by 41.
29
What is the remainder when 59678 is divided by 19?
18
What is the remainder when 211701 is divided by 105849?
3
What is the remainder when 51673 is divided by 1149?
1117
What is the remainder when 1007936 is divided by 335976?
8
What is the remainder when 1092851 is divided by 311?
308
Calculate the remainder when 264278 is divided by 17.
13
Calculate the remainder when 6751 is divided by 356.
343
What is the remainder when 42368 is divided by 2118?
8
What is the remainder when 1444 is divided by 233?
46
Calculate the remainder when 60755 is divided by 17.
14
Calculate the remainder when 249 is divided by 5.
4
Calculate the remainder when 2717 is divided by 1333.
51
What is the remainder when 2595778 is divided by 1748?
1746
What is the remainder when 20173 is divided by 840?
13
What is the remainder when 5603 is divided by 147?
17
What is the remainder when 9257 is divided by 73?
59
Calculate the remainder when 542806 is divided by 72.
70
Calculate the remainder when 26408 is divided by 76.
36
Calculate the remainder when 538115 is divided by 931.
928
Calculate the remainder when 2527 is divided by 18.
7
What is the remainder when 143080 is divided by 199?
198
Calculate the remainder when 4251 is divided by 4182.
69
Calculate the remainder when 30238 is divided by 351.
52
What is the remainder when 7757 is divided by 186?
131
What is the remainder when 3420 is divided by 368?
108
What is the remainder when 100761 is divided by 13?
11
Calculate the remainder when 219 is divided by 50.
19
Calculate the remainder when 46185 is divided by 67.
22
Calculate the remainder when 91127 is divided by 65.
62
What is the remainder when 1238 is divided by 427?
384
What is the remainder when 27346 is divided by 27?
22
What is the remainder when 735 is divided by 245?
0
What is the remainder when 1804 is divided by 130?
114
What is the remainder when 1850 is divided by 49?
37
Calculate the remainder when 665331 is divided by 162.
159
Calculate the remainder when 42256 is divided by 118.
12
Calculate the remainder when 289376 is divided by 364.
360
Calculate the remainder when 11422 is divided by 11415.
7
What is the remainder when 3141 is divided by 2191?
950
What is the remainder when 3184 is divided by 790?
24
What is the remainder when 37588 is divided by 709?
11
What is the remainder when 122910 is divided by 8?
6
Calculate the remainder when 19615 is divided by 1398.
43
What is the remainder when 106182 is divided by 38?
10
Calculate the remainder when 1359 is divided by 676.
7
Calculate the remainder when 733173 is divided by 27154.
15
What is the remainder when 8179 is divided by 2723?
10
Calculate the remainder when 1106363 is divided by 1294.
1287
Calculate the remainder when 2514 is divided by 179.
8
Calculate the remainder when 13913 is divided by 36.
17
What is the remainder when 5987 is divided by 1988?
23
Calculate the remainder when 6083 is divided by 70.
63
What is the remainder when 895 is divided by 839?
56
Calculate the remainder when 1980779 is divided by 8.
3
Calculate the remainder when 677 is divided by 209.
50
What is the remainder when 5564 is divided by 1326?
260
Calculate the remainder when 2590 is divided by 843.
61
Calculate the remainder when 3323 is divided by 188.
127
Calculate the remainder when 31642 is divided by 193.
183
What is the remainder when 1930 is divided by 265?
75
What is the remainder when 1118 is divided by 1106?
12
What is the remainder when 27117 is divided by 182?
181
What is the remainder when 268953 is divided by 93?
90
What is the remainder when 304586 is divided by 697?
694
What is the remainder when 3193 is divided by 813?
754
Calculate the remainder when 624826 is divided by 1539.
1531
Calculate the remainder when 383652 is divided by 34.
30
Calculate the remainder when 5232 is divided by 373.
10
What is the remainder when 4284 is divided by 127?
93
What is the remainder when 4295 is divided by 358?
357
What is the remainder when 66825 is divided by 37?
3
Calculate the remainder when 1210 is divided by 74.
26
What is the remainder when 330504 is divided by 19?
18
Calculate the remainder when 147808 is divided by 24616.
112
What is the remainder when 6506 is divided by 518?